3. Suppose d = 296 + m. What is the hundreds digit of d?
5
Let r be ((-8262)/(-24))/(-3)*-4. Suppose 0 = 4*a + 13*a + r. Let d(p) = p**3 + 28*p**2 + 18*p + 45. What is the tens digit of d(a)?
8
Let v(f) = -f**3 - 10*f**2 - 11*f - 13. Let q be v(-9). Suppose 42 = 4*u - 5*a, -u = 2*u - q*a - 34. What is the tens digit of u/(-8) - -31*1?
3
Let i = 28946 - -20945. What is the units digit of i?
1
Let a be -1 + (30/9)/(8/12). Suppose 0 = a*q + 2*z + 25 + 19, -4*z = -4*q - 20. What is the tens digit of ((-249)/q)/(2/6)?
8
Suppose 5*s + 64 = -2*c, 3*c + 3*s = 6*s - 54. Let t = -15 - c. Suppose 2*x - t*x = -845. What is the hundreds digit of x?
1
Let k = 11172 + 17697. What is the tens digit of k?
6
Let v(z) = -4*z**3 + 8*z**2 - 83*z - 483. What is the hundreds digit of v(-8)?
7
Suppose 2*v - 1004 = -104. Suppose -v = 2*s + 3*s. Let g = s - -102. What is the tens digit of g?
1
Suppose -3*z + 53345 = 4*p, p - 233*z = -230*z + 13310. What is the thousands digit of p?
3
Let d = -26673 - -44827. Suppose 33*u - 4*u - d = 0. What is the hundreds digit of u?
6
Let w(x) be the first derivative of -159*x**2/2 + 129*x - 242. What is the hundreds digit of w(-11)?
8
Let v be 6*3/((-18)/(-10)). What is the units digit of (1 + -4*v)/((-6)/56)?
4
Suppose -15*v + 390793 = -2*v - 463060. What is the hundreds digit of v?
6
Suppose -305*o + 30 = -302*o. What is the tens digit of ((-5)/o)/(3/(-156))?
2
Suppose b = 2*x + 3554 - 1101, 4*x - 9800 = -4*b. Suppose 2*f = -3*s + b, -f - 496 = -2*s - 1725. What is the thousands digit of f?
1
Suppose 2*k + 35 + 21 = 0. Let s = 216 + k. Suppose -p + s = 39. What is the units digit of p?
9
Suppose 24*r + 70153 = 4*d + 19*r, -2*d + 3*r = -35079. What is the hundreds digit of d?
5
What is the thousands digit of 42/(-28) - -6*4444/16?
1
Suppose 805 = -3*k - 2*h + 6*h, 0 = 3*k + 4*h + 821. Let z = 70 - k. What is the units digit of z?
1
Let v(w) = 3*w**3 + 79*w**2 - 46*w - 25. What is the units digit of v(-19)?
1
Let g(y) = -13*y**3 - 69*y**2 - y - 19. What is the hundreds digit of g(-9)?
8
Suppose -2*i + 4823 = -2433. What is the thousands digit of i?
3
Suppose 0 = -2*y - 3*y. Let l = -72 + 105. Suppose -n + 114 - l = y. What is the tens digit of n?
8
Let d(f) = -f**2 - 132*f + 747. What is the units digit of d(-119)?
4
Let z(w) = -2*w**3 - w**2 + w + 679. Suppose -9*s + 14*s - 4*s = 0. What is the hundreds digit of z(s)?
6
Let p be 21*(-1)/(-6)*9*164. Suppose 0 = 11*r - 25*r + p. What is the tens digit of r?
6
Let h = -11 - 25. Let x = h + 94. Let r = -38 + x. What is the units digit of r?
0
Suppose -m = -m - 4*m. Suppose 1626 = -m*r + 6*r. What is the tens digit of r?
7
Suppose 4*t = -6*n + 5*n + 1051, -3*n - t + 3120 = 0. Suppose -n = 6*x - 4987. What is the tens digit of x?
5
Let x be (-33)/21 + (-15)/35. Let g be (-742)/(-56) - 2/8 - x. What is the tens digit of 39/g + 4/10 - -73?
7
Let n be 1*(-4 - -3 - -2)*1. What is the units digit of (27 - -20)/(n/4)?
8
Suppose -5*t - 5*n - 7481 = -42286, 0 = t - 5*n - 6967. What is the tens digit of t?
6
Suppose 6*z - 7*z - 2*t = -11, 5*t = -10. Let c be z + -5 - (-2 + 0). Suppose -4*f = -c*f + 248. What is the tens digit of f?
3
Let w be 0/1*(-1 - -2). Suppose -2*i + 87 = 3*i + q, w = -i + 5*q + 33. Suppose -5*n + 2*v = -90, 3*v = n - 13 - i. What is the units digit of n?
6
Let n(p) = 1542*p**2 + 54*p + 25. What is the ten thousands digit of n(5)?
3
Let g(n) = -161*n + 15434. What is the units digit of g(0)?
4
Let v(s) = s**3 - 12*s**2 - 14*s + 3. Let r be v(13). Let n(u) = 5*u - 5. Let k be n(r). What is the tens digit of (-338)/(-4) - k/(-22)?
8
Suppose 0 = -o - 284 + 280. What is the tens digit of 999 - ((-25)/(-5) - o)?
9
Let o = 193 - 191. What is the tens digit of (1 - 12/o) + 5 + 47?
4
Suppose 4 = -l, 3*u - 7*u + l + 8588 = 0. What is the hundreds digit of (u/6)/(7/21)?
0
Suppose -101 = -4*h + 1815. Suppose -4*y = -h - 1445. What is the tens digit of y?
8
Let j(t) be the third derivative of 29*t**4/24 - 4*t**3 - 58*t**2. What is the units digit of j(19)?
7
Suppose 43*b = 51*b - 480. Let l = 511 + b. What is the hundreds digit of l?
5
Let s be 373 - (0 - (-10 + 4)). Let v = 628 - s. What is the units digit of v?
1
Let p = -47 + 66. Suppose p = v + 14. Suppose -5*z - v*t = -205, -3*z + 5*z + 3*t - 78 = 0. What is the tens digit of z?
4
Suppose 0 = 55*o - 86*o + 184946. What is the hundreds digit of o?
9
Let b(z) be the first derivative of z**4/2 + 7*z**3 - 15*z**2/2 + 7*z - 25. What is the tens digit of b(-10)?
5
Let f = -360 + -716. Let i = 1820 + f. What is the hundreds digit of i?
7
Let m(a) = 8*a - 30. Let d be m(10). Suppose 56*x - 1662 = d*x. What is the tens digit of x?
7
Suppose -54*o = -58*o + 2*f + 87220, 21815 = o - 3*f. What is the ten thousands digit of o?
2
Let l = 8705 - -4516. What is the tens digit of l?
2
Suppose 0 = 3*g + 2*x - 7711, -4*x + 7699 = 3*g - 8*x. What is the tens digit of g?
6
Suppose 49*g + 6 = 46*g. Let r be (-1)/g + (-45)/(-6). What is the units digit of (1 + r)*5/(3 - -2)?
9
Suppose -2*o + 4792 = -2*c - 9958, 3*c - 36859 = -5*o. What is the hundreds digit of o?
3
Let x(a) = 1050*a + 10610. What is the tens digit of x(15)?
6
Let b(c) = -204*c + 1158. Let l(k) = -26*k + 145. Let s(a) = 4*b(a) - 33*l(a). What is the units digit of s(21)?
9
Suppose -4*v + 1105 = -3*n - 0*n, -5*n - 1890 = 3*v. Let c = n - -946. What is the hundreds digit of c?
5
Suppose -5*o + 19450 = 47*v - 52*v, 4*o - 2*v = 15548. What is the units digit of o?
4
Let t = 7924 - 7758. What is the units digit of t?
6
What is the hundreds digit of (-36)/48 + ((-24300)/(-16) - -1)?
5
Suppose 0 = 5*f - 3*r - 242, -r = -4*f + 68 + 120. Let a = -128 + f. Let i = -59 - a. What is the units digit of i?
3
Let h = -300 + 307. Suppose -h*n + 8*n = 536. What is the units digit of n?
6
Let s = -29 + 54. Suppose -v = -5*c - s, 3*v = -c - 2 - 3. Let l = c - -28. What is the tens digit of l?
2
Let l(j) = j**3 + 4*j**2 - 8*j - 11. Suppose -p + 95 = 100. Let k be l(p). Suppose -5*s = -5*i - 930, -5*s + 5*i - k*i = -950. What is the hundreds digit of s?
1
Suppose -5*b = -3828 - 2697. Suppose -4*y + b = -619. What is the tens digit of y?
8
Suppose -131*s + 136*s - 280 = 0. What is the tens digit of s/8 + -2 + 1449?
5
Suppose -2*c + 4*f = -f + 101, -242 = 5*c - 2*f. Let y = 119 + c. What is the units digit of -2*y*6/(-12)?
1
Let f be (2 - -1)*(-6 - -3). Let l(z) = -2*z - 18. Let u be l(f). Let b(w) = w**3 + 2*w**2 + 82. What is the tens digit of b(u)?
8
Suppose -264*q + 64708 = -257*q. What is the tens digit of q?
4
Suppose 2*f - 4*r - 820 = -8*r, -826 = -2*f - 2*r. Let x = 682 - f. What is the tens digit of x?
6
Suppose 2*w - 77 = 23. Let x = -68 + w. Let u(d) = d**3 + 19*d**2 + 16*d + 1. What is the tens digit of u(x)?
3
Let a be 43170 + (18 - 9) + 1*2. Suppose 27*y = -16019 + a. What is the tens digit of y?
0
Let w(i) = 2*i**2 - 19*i - 4. Let q be w(10). Suppose q*m - 112 - 476 = 0. What is the tens digit of m?
9
Let f(v) = 310*v + 5858. What is the tens digit of f(0)?
5
Let w = 704 - -3399. What is the thousands digit of w?
4
Suppose 782*m + 13980 - 77322 = 764*m. What is the thousands digit of m?
3
Let q(r) = -6*r**2 - 22*r + 1. Let h be q(-4). Let g(w) = -34*w - 33. Let a(j) = 67*j + 65. Let o(n) = -4*a(n) - 7*g(n). What is the hundreds digit of o(h)?
1
Let d = 20186 + 4634. What is the tens digit of d?
2
Suppose -2*m = 5*m - 35. Suppose -3*j - j - 7 = -3*n, 33 = 4*j + m*n. Suppose 0 = 3*x - j*g - 1056 + 280, 264 = x - 2*g. What is the tens digit of x?
5
Let y be -1*(-41098)/14 - 6/(-14). Suppose 5*b - b + 4*r - y = 0, 5 = r. What is the tens digit of b?
2
Let i(c) = c**3 + 8*c**2 - 34*c - 7. Let d be i(-11). Suppose d*h + 533 = 1705. What is the units digit of h?
3
Let d(m) = -6*m**3 - 7*m**2 - 33*m - 12. Let o be d(-7). Let k = 3187 - o. What is the hundreds digit of k?
2
Let l = -28152 + 70878. What is the ten thousands digit of l?
4
Suppose -5*f - 10*m + 6*m + 179863 = 0, 0 = -2*f - 3*m + 71955. What is the ten thousands digit of f?
3
Let u(y) = -y**3 - 9*y**2 - 10*y + 10. Let t(d) = -d**2 - d - 1. Let q(m) = -6*t(m) + u(m). Let n = 5368 - 5374. What is the hundreds digit of q(n)?
1
Let n(g) = 6*g**3 + 2*g - 2*g + g**2 - 5*g**3 + 4. Let y be n(-2). Suppose y = -8*o + 44 + 52. What is the units di